s?
9
Let f(k) = -k**3 - 10 - 3*k + 25*k**2 - 24*k**2 + 10*k. Let r be f(-7). Suppose -7*j - 81 + r = 0. What is the tens digit of j?
3
Suppose 13*g + 3 = 29. Let p(m) = 53*m**3 + 1. Let v be p(1). Suppose 2*o + g = v. What is the tens digit of o?
2
Suppose -2*k = -114 - 572. Suppose -3*r - 11 = 7. What is the units digit of k/6 - (-1)/r?
7
Let l(z) = -48*z - 27. What is the hundreds digit of l(-9)?
4
Let f(s) = 7*s - 4. Let p(j) = -55*j + 33. Let y(m) = 33*f(m) + 4*p(m). Let d be 2 + (3 - 3)/(-3). What is the tens digit of y(d)?
2
Suppose -2*k = -3*f + 6826, -2*f - 4*k = -0*f - 4524. What is the tens digit of f?
7
Let z = -104 + 234. What is the units digit of z?
0
Suppose -18613 - 3411 = -4*p. What is the hundreds digit of p?
5
Let x be 5/(-15)*16*3/2. What is the tens digit of 2*(-2)/x*58?
2
Let n be (-2)/(-5 - (-1671)/333). Let l = 155 - n. What is the units digit of l?
6
What is the hundreds digit of ((-9948)/9)/((-104)/78)?
8
Let t(a) = -a**2 - 3*a + 6. Let p(m) = -m + 1. Let n(o) = 4*p(o) - t(o). Let h be n(2). What is the tens digit of 6/12*(h + 32)?
1
Let x be (-2)/(-3) + (-12)/18. Suppose a = -x*a. Suppose -3*v = -a*v - 42. What is the units digit of v?
4
Suppose 21*s - 14*s - 5285 = 0. What is the units digit of s?
5
Let d(f) = -10*f**2 + 2*f - 1. Let a be d(-2). Let j be 1030/a - 2/18. Let w = j + 41. What is the tens digit of w?
1
Let f(y) = y**3 + 4*y**2 + 6. Let i be f(-6). What is the tens digit of (-2)/(2 - (-135)/i)?
4
Suppose -8*b + 13*b = 2*g + 3270, 2*b - 5*g - 1308 = 0. What is the units digit of b?
4
Let d = 32 - 27. Suppose d*m + 4 - 29 = 0. What is the units digit of m?
5
Suppose 82 = 3*v + 76. Suppose o + 4*j = 136 - 7, -v*o = -5*j - 271. What is the units digit of o?
3
Let i be (-4 + 3)*-36 - -2. Let k be (-4 - -1 - 24) + 2. Let z = i + k. What is the units digit of z?
3
Suppose -2*d - 5*n = -2*n - 17, 5*d - 3*n - 11 = 0. Suppose d*v - 327 = 61. What is the units digit of v?
7
Let u = 842 + 56. What is the units digit of u?
8
Let v(s) = s**3 - 11*s**2 - 11*s - 10. Let a be v(12). Let o = 3 + a. What is the units digit of o?
5
Suppose -8*x + 3*x + 419 = 3*a, -2*a + x = -275. Suppose -4*z - 18 = -a. Suppose -z = 3*n - 4*n. What is the units digit of n?
0
Let i(s) = 7*s + 2. Let t be (1/3)/(2/12). Let f be i(t). Let a = 39 - f. What is the units digit of a?
3
Suppose 4*h - 10 - 2 = 0. What is the units digit of 13/((-26)/(-228))*2/h?
6
Let j(y) = 3*y**2 + 6*y - 2. Let a be j(-6). What is the units digit of a + 1 + (1 - 4)?
8
Let u(s) = 13*s**2 + 2*s - 202. Let t(i) = -7*i**2 - i + 101. Let x(r) = -11*t(r) - 6*u(r). What is the tens digit of x(0)?
0
Suppose -h + 464 = -0*h + 3*g, h - 2*g - 484 = 0. What is the units digit of h?
6
Let p(q) = -q - 1. Let j(f) = 9*f + 2. Let c(r) = 2*j(r) + 4*p(r). What is the units digit of c(2)?
8
Let d = 27 + -24. Suppose -4*q - 112 = -3*m - 17, 10 = m + d*q. What is the units digit of m?
5
Suppose -4*h + 2*o - 7410 = -8*h, -5*o = h - 1857. What is the thousands digit of h?
1
Let a = -398 + 680. What is the hundreds digit of a?
2
Let q(h) = h**2 - 4*h - 3. Suppose 2*w + 3*w - 35 = 0. What is the units digit of q(w)?
8
Let x = -686 - -1301. What is the tens digit of x?
1
Let v(k) = 11*k**3 + 1. Let t be v(1). Let y = 4 - t. What is the tens digit of (-3)/12 - 218/y?
2
Let l = 4 + 16. Let j = 28 - l. Suppose -30 = 5*y - j*y. What is the units digit of y?
0
Let m be (-5 - -6)/((-2)/(-10)). Suppose -645 = -m*t - 0*t. What is the hundreds digit of t?
1
Let x(z) = 121*z**2 + 24*z - 1. What is the units digit of x(-2)?
5
Suppose 7514 = -0*t + 5*t - 3*d, 0 = -t - 5*d + 1514. What is the hundreds digit of t?
5
Let g = 61 - 65. What is the units digit of (g/3)/(1/(-6))?
8
Let x = -447 - -658. What is the tens digit of x?
1
Let k = 1338 - -1750. What is the thousands digit of k?
3
Let g(u) = u**3 + 13*u**2 - 15*u - 19. Let p be g(-14). What is the units digit of 56/26 - 2/13 - p?
7
Let u = 61 - 109. Let s = u - -139. What is the units digit of s?
1
Let n = 25 + -22. Let t be 42 + -2 + (n - 7). What is the units digit of (-6)/(-27) + 1216/t?
4
What is the hundreds digit of (-2438)/((4 + -12)/4)?
2
Suppose 5*l = 244 + 126. Suppose 3*i = l + 46. What is the units digit of i?
0
Let h be (25/(-15))/(2/486). Let x = 692 + h. Suppose 4*q = -2*k + 162, 5*q + 77 = -5*k + x. What is the tens digit of q?
3
Suppose 2*s + q - 3*q = 2956, 6 = 3*q. What is the tens digit of s?
8
Suppose 0 = 3*s, 4*i - 5*s = -0*s + 4. Let q(m) = -5*m + i + 14*m**2 - m**3 - 6*m + 12. What is the units digit of q(13)?
9
Let m = -157 - 103. Let f = -131 - m. What is the units digit of f?
9
Let y(g) = g**3 + 11*g**2 + 13*g + 40. Suppose 0 = 2*l - 3*l - 4, 0 = -4*n - 5*l - 52. What is the units digit of y(n)?
8
Let o = -36 - -80. Let l be (o/5)/((-6)/(-15)). Let w = -5 + l. What is the units digit of w?
7
Suppose 5*p - 11*p = -3882. Suppose 608 + p = 5*f. What is the tens digit of f?
5
Let l = -866 - -1566. What is the hundreds digit of l?
7
Let v be 16*(-2 - (-27)/(-12)). Let c be 6/(-15) + v/(-20). Suppose 0 = c*t + 2*b - 12, -4*b + 16 = 4*t - 3*b. What is the units digit of t?
4
Let w(l) = -6*l + 6*l**2 + 0*l**2 - 2*l**2 + 3*l**3 + 9. Let i(h) = 4*h**3 + 4*h**2 - 7*h + 10. Let j(g) = 5*i(g) - 6*w(g). What is the tens digit of j(3)?
1
Let g(n) = 4*n**2 + 27*n - 32. What is the hundreds digit of g(10)?
6
Suppose -6*l = -5*l - 6. Let k be (-21)/1*46/l. Let o = k - -235. What is the tens digit of o?
7
Let h(q) = q**3 + q**2 - q + 1. Let t(y) = y**3 + 10*y**2 + 12*y - 2. Let b(z) = 2*h(z) - t(z). What is the units digit of b(10)?
4
Suppose -11*u - 3*u = -9226. What is the tens digit of u?
5
Let v(d) = -2*d**3 - 20*d**2 - 46*d + 35. What is the hundreds digit of v(-16)?
8
What is the units digit of 56/20 + -3 + (-2864)/(-20)?
3
Let i(s) = -s**3 + 4*s**2 + s - 1. Let z be i(4). Suppose 0 = -5*y + 5*p + 15, z*y - 7*p = -3*p + 12. Let q(o) = o**2 + 41. What is the units digit of q(y)?
1
Suppose 5*o = 18 + 2. Suppose 5*x = o*x + 49. What is the tens digit of x?
4
Let o(s) = 4496*s**3 + s**2 - 6*s + 5. What is the hundreds digit of o(1)?
4
Suppose 60*h - 4*u = 65*h - 21984, -4*u - 4416 = -h. What is the hundreds digit of h?
4
Let t = 0 + -1. Let a = t - -4. Suppose 0 = 5*n, -a*n + 8*n = -i + 27. What is the tens digit of i?
2
What is the units digit of 83793/85 - 3/(-15)?
6
Let b(z) = 25*z**3 - z. Let u = 0 + 6. Let a be 4/u - 2/(-6). What is the units digit of b(a)?
4
Let a(k) = 4*k**2 + 4*k - 34. What is the hundreds digit of a(-14)?
6
Suppose 29 = 3*s - 1. Suppose 0 = -3*b + b + s. Suppose 5*t - 2*z = 120, 0*t = 5*t - b*z - 105. What is the tens digit of t?
2
Let b = -27 + 18. Let n = b + 17. Let z = 17 - n. What is the units digit of z?
9
Suppose b = 6*b - 5*n - 2975, 4*n = -8. What is the units digit of b?
3
What is the hundreds digit of (427/14)/(4*(-3)/(-168))?
4
Suppose 4 = q + 5, 0 = 2*z + 4*q - 346. What is the units digit of z?
5
Suppose -9*c - 25 = -4*c. What is the tens digit of c/(-10) - (-206)/4?
5
Let i(x) = 2*x - 13. Let a be i(12). Suppose -a = -6*u + 7. Let z(p) = 3*p**3 - 3*p**2 - 3*p - 4. What is the units digit of z(u)?
1
Suppose -4*u = -w - 139, 111 = 52*u - 49*u - 3*w. Let b(q) = -q**2 - 6*q - 5. Let c be b(-5). Suppose u = -c*p + 2*p. What is the tens digit of p?
1
Suppose 0*y - 48 = -4*y. Suppose -8*r + y*r = 8. What is the units digit of r?
2
Suppose 5*x - 2950 = -55. What is the units digit of x?
9
Let y = 7 + -23. Let k = -16 - y. Suppose 2*q + 0*q - 64 = k. What is the tens digit of q?
3
Let k = 38 - 37. Let r(h) = 56*h - 16 + 16. What is the tens digit of r(k)?
5
What is the hundreds digit of 37488/(-198)*(-14)/16*6?
9
Let t(q) = q**2 - q. Let s(n) = -80*n**2 + 4*n. Let g(b) = -s(b) - 5*t(b). What is the hundreds digit of g(-2)?
2
Let z = -68 + 188. What is the tens digit of z - 1 - (-1 + -3)?
2
Suppose t - 2*h = 426 + 420, 0 = -2*t + 5*h + 1695. Suppose 3*r + 3*r = t. What is the tens digit of r?
4
Let c(z) = 72*z + 7. What is the hundreds digit of c(9)?
6
Suppose -4*t - 7 + 19 = 0. Suppose -4*l + 0*g - g + 380 = 0, -3*g = t*l - 276. What is the units digit of l?
6
Let h(x) = 65*x**2 + 54*x + 9. What is the units digit of h(4)?
5
Let h = 579 + -462. What is the tens digit of h?
1
Let w be (2/(-3))/((-8)/12 -